{"id":141,"date":"2023-12-25T15:27:50","date_gmt":"2023-12-25T15:27:50","guid":{"rendered":"https:\/\/lerch-art.ch\/artblog\/?page_id=141"},"modified":"2023-12-27T11:21:19","modified_gmt":"2023-12-27T11:21:19","slug":"verkauf","status":"publish","type":"page","link":"https:\/\/lerch-art.ch\/artblog\/verkauf\/","title":{"rendered":"Verkauf"},"content":{"rendered":"\n<p>Die Bilder und Skulpturen stehen zum Verkauf. Auch wenn ich mich ungern trenne, der Platz ist beschr\u00e4nkt und es entstehen immer wieder neue Bilder.<\/p>\n\n\n\n<p>Aquarelle ab Fr. 100.-<\/p>\n\n\n\n<p>\u00d6lbilder ab Fr. 750.-<\/p>\n\n\n\n<p>Skulpturen ab Fr. 200.-<\/p>\n\n\n\n<p>Es gibt tats\u00e4chlich noch hunderte Bilder die ich hier nicht zeigen kann. Bitte kontaktieren sie mich unter werner.lerch@lerch-art.ch falls sie ein Bild erwerben m\u00f6chten.<\/p>\n\n\n\n<p>Kein Verkauf \u00fcber das Internet, nur direkt im Atelier oder nach Absprache mit dem K\u00fcnstler.<\/p>\n","protected":false},"excerpt":{"rendered":"<p>Die Bilder und Skulpturen stehen zum Verkauf. Auch wenn ich mich ungern trenne, der Platz ist beschr\u00e4nkt und es entstehen immer wieder neue Bilder. Aquarelle ab Fr. 100.- \u00d6lbilder ab Fr. 750.- Skulpturen ab Fr. 200.- Es gibt tats\u00e4chlich noch hunderte Bilder die ich hier nicht zeigen kann. Bitte kontaktieren sie mich unter werner.lerch@lerch-art.ch falls &#8230; <a title=\"Verkauf\" class=\"read-more\" href=\"https:\/\/lerch-art.ch\/artblog\/verkauf\/\" aria-label=\"Mehr Informationen \u00fcber Verkauf\">Weiterlesen<\/a><\/p>\n","protected":false},"author":2,"featured_media":0,"parent":0,"menu_order":0,"comment_status":"closed","ping_status":"closed","template":"","meta":{"footnotes":""},"class_list":["post-141","page","type-page","status-publish"],"_links":{"self":[{"href":"https:\/\/lerch-art.ch\/artblog\/wp-json\/wp\/v2\/pages\/141","targetHints":{"allow":["GET"]}}],"collection":[{"href":"https:\/\/lerch-art.ch\/artblog\/wp-json\/wp\/v2\/pages"}],"about":[{"href":"https:\/\/lerch-art.ch\/artblog\/wp-json\/wp\/v2\/types\/page"}],"author":[{"embeddable":true,"href":"https:\/\/lerch-art.ch\/artblog\/wp-json\/wp\/v2\/users\/2"}],"replies":[{"embeddable":true,"href":"https:\/\/lerch-art.ch\/artblog\/wp-json\/wp\/v2\/comments?post=141"}],"version-history":[{"count":2,"href":"https:\/\/lerch-art.ch\/artblog\/wp-json\/wp\/v2\/pages\/141\/revisions"}],"predecessor-version":[{"id":253,"href":"https:\/\/lerch-art.ch\/artblog\/wp-json\/wp\/v2\/pages\/141\/revisions\/253"}],"wp:attachment":[{"href":"https:\/\/lerch-art.ch\/artblog\/wp-json\/wp\/v2\/media?parent=141"}],"curies":[{"name":"wp","href":"https:\/\/api.w.org\/{rel}","templated":true}]}}

<p>Die Bilder und Skulpturen stehen zum Verkauf. Auch wenn ich mich ungern trenne, der Platz ist beschränkt und es entstehen immer wieder neue Bilder.</p>



<p>Aquarelle ab Fr. 100.-</p>



<p>Ölbilder ab Fr. 750.-</p>



<p>Skulpturen ab Fr. 200.-</p>



<p>Es gibt tatsächlich noch hunderte Bilder die ich hier nicht zeigen kann. Bitte kontaktieren sie mich unter werner.lerch@lerch-art.ch falls sie ein Bild erwerben möchten.</p>



<p>Kein Verkauf über das Internet, nur direkt im Atelier oder nach Absprache mit dem Künstler.</p>

<p>Die Bilder und Skulpturen stehen zum Verkauf. Auch wenn ich mich ungern trenne, der Platz ist beschränkt und es entstehen immer wieder neue Bilder. Aquarelle ab Fr. 100.- Ölbilder ab Fr. 750.- Skulpturen ab Fr. 200.- Es gibt tatsächlich noch hunderte Bilder die ich hier nicht zeigen kann. Bitte kontaktieren sie mich unter werner.lerch@lerch-art.ch falls &#8230; <a title="Verkauf" class="read-more" href="https://lerch-art.ch/artblog/verkauf/" aria-label="Mehr Informationen über Verkauf">Weiterlesen</a></p>
